t is the greatest common divisor of h and 2448?
51
Let i be (-18)/(-4) + 1/(-2). Let v(y) = y**3 - 43*y**2 + 47*y - 166. Let q be v(42). What is the greatest common divisor of i and q?
4
Suppose 1700*x = 1699*x + 15. What is the greatest common divisor of x and 3855?
15
Suppose 5*y = k - 41, -k - 5*y = 4*k - 55. Suppose k*z - 17*z + 26 = 0. Calculate the greatest common divisor of z and 26.
26
Let p(z) = 7*z - 16*z - 2 + 10*z - 2. Let j be p(6). Suppose j*y - 18 = -0*y. Calculate the highest common divisor of y and 18.
9
Let f(b) = -256*b - 6738. Let n be f(-29). Calculate the greatest common factor of 1078 and n.
98
Suppose 2*z = 3 + 1. Suppose 2*y - 4*k - 36 = -z*y, -2*y + 15 = -k. Let b = 1991 - 1983. What is the highest common factor of y and b?
2
Suppose y - 87 = -t, y + 3*y = t - 77. Suppose -3*z - 30*w + t = -29*w, 3*z = -4*w + 88. Calculate the highest common factor of z and 868.
28
Let v = -16 - -16. Suppose 2*j + 2*r - 70 = v, 0 = -3*r + 4*r + 4. What is the greatest common divisor of 117 and j?
39
Suppose 3*g = 2*p - 12, -g - 14 = 14*p - 18*p. Suppose 0 = p*u - 4*i - 178, -10 = -i - i. What is the greatest common divisor of 242 and u?
22
Let g = 131856 + -90024. Calculate the highest common divisor of 126 and g.
126
Let l be 21/24*(-2 - 0)*-16. Let t be ((-4)/(-8))/(1/6). Suppose -t*s - 3 = -v + l, -s - 5 = 0. Calculate the highest common divisor of v and 8.
8
Suppose -z + 4*r = -290, -781*z + 783*z = r + 608. Calculate the greatest common divisor of 36 and z.
18
Let s = 5 - -10. Let n = -26 + 28. Suppose -a = -n*d + 4 + 15, 0 = 3*d + 3*a - s. Calculate the greatest common factor of 2 and d.
2
Let c(j) = -6*j**3 + j**2 - 3*j + 2. Let d be c(-4). Suppose 2*b - 5*l - 11 = 0, b - 43 = -l - 4*l. What is the highest common factor of b and d?
18
Suppose 5*b - 43 - 17 = 0. Let j = -2408 - -2508. Calculate the greatest common factor of j and b.
4
Let c be (-2)/7 - (-9592)/56. Suppose -17 + 33 = 8*u. Suppose 4*z = -4*g + z + 64, -4*g = u*z - 68. What is the greatest common divisor of g and c?
19
Suppose -j + 4*c - 2 = -4, -4*j - 4*c = -8. Let q = 8508 - 8486. What is the greatest common factor of j and q?
2
Suppose -w = -5 + 1. Let c(o) = o**2 - 4*o + 12. Let r be c(w). Let l be -4 - -16*(3 + -2). What is the highest common divisor of l and r?
12
Suppose 1877 = 8*n + 653. Suppose 1 - 13 = -4*u. Let b(o) = 7*o - 4. Let l be b(u). What is the greatest common divisor of l and n?
17
Let r(b) = b**3 + 53*b**2 - 119*b - 375. Let k be r(-55). What is the highest common factor of k and 2420?
20
Let k = -1839 + 2014. What is the highest common factor of k and 40?
5
Let x = 6972 + -6543. What is the greatest common divisor of x and 132?
33
Let o = 127 + -124. Suppose 0 = -o*j + 4*t + 103, -6*j + 4*j = -3*t - 69. Calculate the highest common divisor of j and 88.
11
Let i(b) = 427*b - 141. Let q be i(1). Suppose -c - 4*c + 10 = 0, 0 = v + 3*c - 28. Calculate the greatest common divisor of q and v.
22
Let f be 0/(-2 - 0) + (-1246)/(-2). Let s = f + -545. Calculate the greatest common divisor of s and 1.
1
Suppose 133*c + 15 + 17 = 134*c. Suppose -d - 72 = -4*d. Calculate the greatest common factor of d and c.
8
Suppose -959 = -4*i + 4*y + 1777, 0 = 5*y + 25. What is the greatest common divisor of 1067 and i?
97
Suppose -3*o + 4 = -o. Suppose -56 = -2*r + d, 0 = -67*d + 77*d + 140. Calculate the greatest common divisor of r and o.
1
Suppose 3*b + 3*t - 60 = -0*b, -2*t = 3*b - 61. Suppose 15*z = 10*z + 3*k + 1374, -4*k = 2*z - 534. What is the highest common divisor of b and z?
21
Suppose 4*v = -2*b, -4*v - 9 - 12 = -2*b + 3. Suppose 7*u = -5*i + 4*u + 270, -3*i + 4*u + 162 = 0. What is the greatest common factor of b and i?
6
Let z be -4480*(0 + 1*(-6)/5). Suppose 0 = -3*d + 6*d + z. Let g be d/(-24) + (-2)/(-6). Calculate the highest common factor of g and 15.
15
Suppose 2*q = 2*n - 6, 3*q = -3*n - 0 - 3. Let o be 505/25 - n/5. Suppose 236*w - 232*w = 720. Calculate the greatest common factor of o and w.
20
Let j(t) = -72*t**3 - 21*t**2 - 78*t + 105. Let a be j(-4). What is the highest common factor of a and 27?
9
Suppose s = -v + 798, -4*s + 2696 + 496 = -3*v. What is the highest common divisor of 12 and s?
6
Let u = -176 - -295. Let x = -118 + u. Let n be (-30)/(-6) - 0 - -3. Calculate the highest common factor of x and n.
1
Suppose -i - 605 = 2*c, 5*i = c - 102 + 388. Let x = 523 + c. What is the highest common divisor of 18 and x?
6
Let y(v) = 45*v**2 - 13*v + 86. Let z be y(6). Calculate the greatest common factor of 2068 and z.
44
Let q = 194 + -198. Let b be (6/q)/((-117)/312). Let u be (-110)/(-8) + 2/8. Calculate the highest common divisor of b and u.
2
Let u be (-1)/(-2)*6*(18 + -17). Suppose -2*j + 57 = u*g - 187, -5*g - j = -395. Calculate the greatest common divisor of 39 and g.
39
Let l(u) = -u**2 + 33*u - 17. Let z be l(32). Calculate the highest common divisor of 1915 and z.
5
Let l(s) = 20*s**2 - 2*s - 2. Let h be ((-3)/(3 - 0))/1. Let i be l(h). Suppose 0 = -i*a + 27 + 53. Calculate the greatest common divisor of 28 and a.
4
Suppose 5*d + 60 = 2*f - 0*d, -3*f = 4*d - 90. Let s = 67 - 32. Calculate the greatest common divisor of s and f.
5
Let r(z) = 4*z**2 + 2*z - 4. Suppose -u - 20 = 4*u. Let w be r(u). Let a be (1/(-2))/(2 - 265/130). What is the highest common factor of w and a?
13
Suppose -3*d - 1 = 5*i, -4*i = 8 - 0. Suppose d*w = -w. Suppose w = -2*k + 7*k - 55. What is the highest common divisor of k and 110?
11
Let h(j) = -j**2 + 55*j - 332. Let w be h(47). What is the highest common divisor of w and 3124?
44
Let n be ((-12)/(-8))/(1/2). Let k(y) = y**3 + 10*y**2 + 23*y + 1. Let a be k(-6). Suppose 878 - n = a*s. Calculate the highest common divisor of 25 and s.
25
Suppose 5*q + 2*x + 24 - 78 = 0, 4*x + 2 = q. Suppose -11*t + 176 = -3*t. Calculate the greatest common divisor of t and q.
2
Let i(r) = r**3 + 19*r**2 + r + 19. Let g be i(-19). Suppose w = t - 27 - 40, 3*t + 2*w - 196 = g. What is the greatest common divisor of t and 6?
6
Let u(i) = -10*i + 116. Let l be u(10). Suppose -l*t = -t - 750. What is the highest common divisor of 15 and t?
5
Let d(h) = -7*h**2 + 469*h - 192. Let i be d(64). What is the greatest common factor of i and 672?
96
Let c be 4/10 + 28/5. Let g be (-3)/(((-120)/164)/10). Suppose -c*t = -g - 43. What is the highest common divisor of 2 and t?
2
Suppose 5 + 25 = 6*u. Let g be -1 - (8697/(-65) + 4/u). Calculate the greatest common factor of g and 12.
12
Let v(n) = 5*n**2 - 413*n - 109. Let i be v(83). Let q(g) = g**2 + g + 3. Let l be q(0). What is the highest common divisor of l and i?
3
Let q(o) = 4 - o**2 + 2 - 28*o + 42*o. Let z(t) = t**3 - 3*t**2 + 5*t - 3. Let x be z(3). Let s be q(x). Calculate the highest common divisor of s and 10.
10
Let c(p) = 3*p**2 + 3*p - 3. Let z be c(-3). Let r be 7 + 4 + -1 + -5 + 4. Let q be ((-12)/r)/(6/(-27)). Calculate the highest common factor of z and q.
3
Suppose 10*c = 5846 - 4696. Calculate the greatest common factor of c and 4347.
23
Let s(y) = y**3 - 8*y**2 + 13*y - 18. Let k be s(7). Let g be (-3248)/(-12)*36/k. Calculate the greatest common divisor of g and 58.
58
Let w be 0*(18/24)/3. Suppose w = -3*g - 5*l + 5, 3*l - 6*l = 4*g - 25. What is the greatest common factor of 530 and g?
10
Let d be (-12)/60 + 262/10. Suppose 2*q - 2*h - 758 = q, 0 = 2*q - h - 1507. Suppose -q - 392 = -4*p. What is the greatest common factor of p and d?
26
Suppose 13382 = d - 3*j, 5*j + 20167 = 2*d - 6595. Calculate the highest common factor of 176 and d.
176
Let u = -95 - -101. Suppose 3 = -c + i, -c - u*i = -2*i - 22. Let a = -6 - -24. Calculate the highest common divisor of a and c.
2
Let j = -4216 + 9618. What is the highest common divisor of j and 370?
74
Let g = 4 - 2. Let z(k) be the third derivative of k**5/30 - k**4/24 + k**3/3 + 47*k**2. Let h be z(g). What is the greatest common divisor of 16 and h?
8
Let g(u) = 6*u**2 - 11*u + 33. Let x be g(5). Suppose -9*i + 14*i + 5 = 0. Let r be (i - -4)*-1 - -19. What is the highest common divisor of x and r?
16
Let o be (348/2)/(20/((-1680)/(-36))). Suppose 0 = 5*b - 3 - 67. Calculate the greatest common divisor of b and o.
14
Let f be (-8)/(-170)*40 - (-4)/34. Suppose f*u - 4*g - 165 = 11, 3*u = -4*g + 304. Calculate the